e b(h).
17
Let q(f) be the first derivative of -f**2/2 - 12*f + 506. Suppose -3*l - 51 = 6*k - 3*k, 3*k = -5*l - 57. Calculate q(k).
2
Let r(w) = -w**3 - 3*w**2. Let d be (2/1 - 4)*(-28)/8. Suppose -22 + 1 = -d*n. Suppose -6 = -n*q - 12. Calculate r(q).
-4
Let t be (204/15 + -1)/(21/70). Let y = -49 + t. Let q(x) = x**3 + 6*x**2 - 8*x + 4. Determine q(y).
11
Let a(k) = -11*k**2 + 2*k - 6. Let w(t) = -14*t**2 + t - 6. Let z(l) = 5*a(l) - 4*w(l). Give z(-7).
1
Let l(f) be the first derivative of -8*f**2 - 4*f - 982. Give l(3).
-52
Let q(a) be the third derivative of a**5/60 + a**4/6 + a**3 - 15*a**2. Let o be q(-3). Let n(m) = 2 + o - 5 - 1 + m. Give n(-2).
-3
Let t(k) = k**2 + 9*k - 4. Suppose 2*v + 14 - 11 = -3*x, -3*v - 4*x = 4. Give t(v).
-4
Let w(g) = 2*g**2 - 12*g + 4*g - 11*g - 18 + 31. Let k(m) = m**2 - 10*m + 6. Let t(v) = -7*k(v) + 4*w(v). Give t(4).
2
Let g(v) be the third derivative of v**5/60 + 7*v**4/24 + 2*v**3/3 - 19*v**2 + 13. Determine g(-4).
-8
Let r(j) = -16*j**3 - 25*j**2 - 31*j - 98. Let h(c) = 3*c**3 + 5*c**2 + 6*c + 18. Let a(o) = 11*h(o) + 2*r(o). Let f be (-15)/10*16/6. Calculate a(f).
2
Let m(d) = -d**2 + 4*d + 6. Let n be ((-9)/(-4) - 2) + (-57)/(-120)*10. Give m(n).
1
Let k = 36 - 2. Suppose 0 = 10*n - 9*n + k. Let t = n - -30. Let q(d) = d**3 + 3*d**2 - 3*d - 4. Determine q(t).
-8
Let k(t) = t**3 - t**2 - 18*t + 6. Let h be (246 - 247)*(-2 - 2)*-1. Determine k(h).
-2
Let u(x) = -x**2 - 23*x - 72. Let a be u(-19). Let o(n) = 13*n - 3 + a + 8*n**2 - n**3 - 18*n. Let f(y) = 7*y**2 + y - 1. Let c be f(1). Calculate o(c).
15
Let i(p) = -p**3 - 2*p**2 + 49*p - 6. Let f = 2125 - 2119. What is i(f)?
0
Suppose -5*z - z - 18 = 0. Let p be (-8)/(-24) + (-1 - 83/z). Suppose -3*h + p = 6*h. Let f(r) = -8*r - 1. Determine f(h).
-25
Let p(k) = 2*k**3 + 24*k**2 - 13*k + 175. Let t be p(-13). Let l(g) = 9*g - 4. Calculate l(t).
50
Let w = -1522 + 6089/4. Let m(k) be the first derivative of 4*k**2 - 7*k - 13 - w*k**4 + 4/3*k**3. What is m(5)?
8
Let j(x) = x**3 - 6*x**2 + x + 6. Let v(l) = -5*l - 130. Let s be v(-27). Suppose 0 = -4*f - 2*q + 24, 4*f - s*q - 7 = 3. What is j(f)?
-14
Let h(p) be the third derivative of 13*p**4/24 + 13*p**3/2 - 204*p**2 - 4*p. Give h(-6).
-39
Let y be 4 + (-25)/15 + 6/(-18). Suppose y*m + 26 = 30. Let i(k) = 6*k + 2. Calculate i(m).
14
Suppose 2*v = 232 - 246. Let q(p) = p**3 + 6*p**2 - 11*p - 14. Give q(v).
14
Let r(v) = -v**2 + 6*v + 14. Let m be r(-2). Let o(i) = -4*i + 8. Let f(y) = 3*y - 7. Let p be 2 - 9/(0 - -1). Let h(c) = p*f(c) - 6*o(c). What is h(m)?
-5
Let b = -26 + 28. Let m(o) = 4*o**2 + 7*o**b - 47*o**3 + 21*o**3 + 25*o**3. Suppose 3*l = -3*t + 45, 3*t - 2*t + 18 = 2*l. Determine m(l).
0
Let d(s) = -5*s**2 + 53*s - 28. Let a = 2021 - 2011. Calculate d(a).
2
Let n(f) be the first derivative of 8*f**3/3 - 3*f**2 - 3*f + 26. Let r(p) = -p**2 + 2*p - 1. Let q(t) = n(t) + 7*r(t). Determine q(-7).
-17
Let l be (-3)/(-8) + 327/24. Let m(a) = -86*a. Let n(o) = 171*o. Let p(q) = -2*m(q) - n(q). Determine p(l).
14
Let y(j) = -3*j**2 - 23*j - 83. Let q(f) = 7*f**2 + 48*f + 168. Let x(s) = 5*q(s) + 11*y(s). Calculate x(10).
-3
Let s = 17 + -10. Suppose 0 = -4*h + 3 - s. Let f(p) = -p**3 + 6*p**2 - 11*p - 17. Let c(x) = 3*x**3 - x**2 + 2*x + 3. Let m(b) = -6*c(b) - f(b). Give m(h).
17
Let b = 355 + -335. Let d be (-22)/(-55)*(-5 + b). Let t(m) = 2*m**2 - 5*m - 3. What is t(d)?
39
Suppose -23*x - 16 = -31*x. Suppose -k - x*f = -7*f - 22, 5*k - 2 = -2*f. Let i(n) = -12 + 0 + n**3 + 5*n**2 - 10*n + 4*n**2 - k*n**2. What is i(-8)?
4
Let h be 1 - (-168)/30 - 8 - 21/35. Let w(n) = -27*n - 47. Give w(h).
7
Let l be (945/(-420))/((-2)/16). Let p(s) = 10*s - 182. Give p(l).
-2
Let p = 733 + -729. Let r(h) be the third derivative of 1/12*h**5 + 0 + 1/4*h**p + 0*h + 2/3*h**3 + 13*h**2 - 1/120*h**6. What is r(6)?
4
Let p(s) = -s**3 + 6*s**2 + 3*s - 11. Let b be 9 - (1 + (10 - (7 + 1))). Calculate p(b).
7
Let v(q) = -32074*q**2 - 3 + 32075*q**2 + 9. Give v(-6).
42
Suppose -4*b + 0*a = 5*a - 111, 2*b - 42 = 2*a. Let x = 34 - b. Let u(n) = -n - 6 + 7 - x. What is u(-4)?
-5
Let m be 7/8*4*(-1 + 15). Let i = m + -46. Let t(g) = 3 + 109*g**3 - 3*g**2 + 2*g**2 - 110*g**i. Calculate t(0).
3
Let h(w) = 5*w + 14. Suppose 114 - 2715 = 17*j. Let d = j - -149. What is h(d)?
-6
Suppose -15 = -2*h - 3*h. Let j(q) = 4*q + 2667696*q**2 - 6 + q - 2667697*q**2. Determine j(h).
0
Let f(z) be the third derivative of 2*z**4/3 + 217*z**3/2 + 3*z**2 + 114. What is f(-40)?
11
Suppose 85*f - 81*f = -64. Let s be (f/20)/(4/(-20)). Let g(j) = -3*j + 8. Give g(s).
-4
Let j(y) = y - 5. Let a be j(5). Let v(u) = 4*u - 13 + 6*u + u - 10*u - u**3. What is v(a)?
-13
Let j(y) = y**3 - 12*y**2 + 11*y + 4. Let w(i) = 8*i + 142. Let m be w(-29). Let x = 101 + m. Calculate j(x).
4
Let z be (-2 - -4) + -3 + 2*8. Suppose -4*d + 3 = -3*t, 0 = 2*t - 3*t - 4*d + z. Let f(m) = -8*m**3 + 9*m**t - m + 2 + 2*m - m**2 + 2*m**2. Give f(-2).
-4
Let g(y) = 3*y**2 + y. Let m be g(1). Suppose -2*c + m = -0*c. Let k(o) = -57 - 57 + 3*o**2 + 238 - 60 - 62 - o. What is k(c)?
12
Let a(j) = j**2 - 4*j + 1. Let m(i) = i**3 + 13*i**2 + 26. Let s be m(-13). Let h(x) = -x**3 + 27*x**2 - 22*x - 97. Let z be h(s). Determine a(z).
22
Let t(l) = -l**3 + 4*l**2 - 5*l + 7. Suppose -60*o + 182 = -o + 5. Give t(o).
1
Suppose 5 = -0*x + x. Let a(q) be the first derivative of -q**4/4 + 5*q**3/3 + 3*q**2 - 2*q + 356. Determine a(x).
28
Let i(k) be the second derivative of -13*k**3/6 + 2*k**2 + 300*k. Give i(-1).
17
Let k(u) be the third derivative of 4*u**4/3 + u**3/2 - 1479*u**2. Determine k(-2).
-61
Let f(g) = -g**2 + 9*g - 2. Let j be 1*9 + (-15)/(-5). Suppose -2 = -2*t - 0*t + 3*q, q = -5*t - j. Let o(w) = w**2 + 2*w + 7. Let a be o(t). Determine f(a).
12
Let p(n) = n**3 + 20*n**2 + 20*n + 8. Let w = -1063 - -1044. What is p(w)?
-11
Let m(y) = 17*y + 1 + 9*y**2 - 10*y**2 - 9*y. Suppose -5*w + 66 + 14 = 0. Suppose 0 = -0*n + 2*n - w. Determine m(n).
1
Suppose 0 = 81*d - 85*d + 12. Suppose -5 = -2*o - d*o. Let n be (25/(-15))/(o/3). Let f(t) = -t - 9. Give f(n).
-4
Let q(h) be the second derivative of -h**5/20 + 13*h**4/12 - 11*h**3/6 - 3*h**2 + 2531*h. Determine q(12).
6
Let s(f) be the first derivative of f**4/4 - 7*f**3/3 + 4*f**2 - f - 480. Suppose -z + 31 = 5*h, -4*z + 5 + 23 = 4*h. Determine s(h).
11
Let y(k) be the second derivative of -1/2*k**3 + 3*k + 1/2*k**2 + 0. Suppose 0 = -151*v + 165*v + 28. What is y(v)?
7
Let t(j) = -j**2 + 33*j + 7 + 100 - 228. Give t(29).
-5
Let x(q) = -q**3 - 3*q**2 + 4*q - 7. Suppose -279 = 44*z - 59. Give x(z).
23
Let p(r) = -r**3 - 58*r**2 - 674*r - 71. Let j be p(-42). Let u(v) be the second derivative of -j*v + 0 + 5/6*v**3 - 1/2*v**2 - 1/12*v**4. Give u(2).
5
Let r(m) = 7*m**3 - 52*m**2 - m - 168. Let p(x) = -13*x**3 + 96*x**2 + 2*x + 308. Let v(j) = -6*p(j) - 11*r(j). Let l = 14 + -10. Give v(l).
-4
Let k(y) = 5*y**2 + 56*y + 56. Let l be k(-1). Let i(x) be the first derivative of x**2/2 - 9*x - 1. What is i(l)?
-4
Let o(s) = 20*s - 34*s**2 - 110*s + 10*s - 9*s**2 + 1 + s**2. Give o(-2).
-7
Let s(x) be the second derivative of -x**4/12 + 7*x**2 + 2002*x. Calculate s(-6).
-22
Let k be (-9*45/108)/((-2)/(-8)). Let f(v) = v**3 + 14*v**2 - 15*v - 34. Determine f(k).
-34
Let u(m) = -7*m + 2. Suppose -9*k = -27 - 9. Suppose 81 = k*n + 5*t, -5*n + 4*t = -62 + 12. Let l = n - 12. Calculate u(l).
-12
Suppose 33*b = 37*b + 3*m - 46, 0 = -2*b + m + 8. Let f(j) = j**3 - 9*j**2 + 18*j - 11. Give f(b).
17
Let f(t) = 1246 - 2495 + t**2 + 1257 + 9*t. Let d = 22 + -28. Give f(d).
-10
Suppose 24*u + 14*u = 190. Suppose 4*k - 3*v + 1 = 0, 4*k + 2*v = v - u. Let i(c) = 6*c**2 + 4*c**2 - 6*c**2. Determine i(k).
4
Let c(j) be the third derivative of 3*j**4/8 - j**3/6 - j**2 + 308*j. Let u(f) = -5*f + f - f + 1. Let k(m) = -4*c(m) - 7*u(m). Determine k(8).
-11
Suppose 0 = -15*j - 2459 - 8656. Let k = j + 747. Let c(h) be the second derivative of -h**3/3 + 2*h**2 - h. Determine c(k).
-8
Suppose -c + 2 = -2. Suppose -4*g - 3*i + 7*i = -16, 1 = c*g - i. Let q(m) be the third derivative of m**6/120 + m**4/24 + m**3/6 + 2*m**2. Give q(g).
-1
Let d(c) = c**3 - 6*c**2 + 4*c + 10. Let b be d(6). Suppose 0 = b*z - 13*z + 441. Let i(j) = j + 26. Calculate i(z).
5
Supp